 - 103013222244?
-103013222303
In base 7, what is 202365 - 5336?
164026
In base 12, what is -1219 - 4203?
-5420
In base 15, what is 2 - 162351a?
-1623518
In base 6, what is -415121414 - 13?
-415121431
In base 15, what is 26 + 3b977e?
3b97a5
In base 7, what is 0 - 1012022630?
-1012022630
In base 3, what is -112211121211 + 201?
-112211121010
In base 16, what is -70f - -2ccbd?
2c5ae
In base 16, what is e - -ee329?
ee337
In base 12, what is -460 + 4895?
4435
In base 10, what is 611432 - 384?
611048
In base 3, what is -222212001120 + 110?
-222212001010
In base 15, what is -2 + -a1d98b?
-a1d98d
In base 4, what is -311020123203 + -13?
-311020123222
In base 2, what is -100 - 11111100011100010000000100?
-11111100011100010000001000
In base 12, what is -7155 + b01?
-6254
In base 14, what is -da12 + 8c?
-d964
In base 2, what is -100010010010 - 11000000100011001?
-11000100110101011
In base 11, what is -16615 - -682?
-15a43
In base 13, what is -6 + -602391?
-602397
In base 12, what is 6711 - -10?
6721
In base 3, what is -21112000012010 + 200?
-21112000011110
In base 7, what is -2 + -522244642?
-522244644
In base 16, what is 1441 + -449?
ff8
In base 9, what is -2447 - -10383?
6835
In base 12, what is 1b41386 - -b?
1b41395
In base 14, what is -2 - d83ca5?
-d83ca7
In base 3, what is -121020221 - -12111111?
-101202110
In base 3, what is 112201101211102 - -2?
112201101211111
In base 13, what is -44a5b76c + -2?
-44a5b771
In base 5, what is -31331043 + 44?
-31330444
In base 11, what is 7a - 67670?
-675a1
In base 4, what is 0 - 210303100000?
-210303100000
In base 4, what is -1 - -3213021130201?
3213021130200
In base 15, what is 139 - -5be13?
5c04c
In base 7, what is -26002 + -212?
-26214
In base 14, what is 5 - -c502a?
c5031
In base 16, what is -4009 - -121f?
-2dea
In base 10, what is 47 - 5641036?
-5640989
In base 3, what is 11 - 1210200012011?
-1210200012000
In base 6, what is -502143453 + -2?
-502143455
In base 4, what is 2 + -1030330312032?
-1030330312030
In base 13, what is -2 - -a1984?
a1982
In base 10, what is -2 - 10625532?
-10625534
In base 10, what is -4014 - -12717?
8703
In base 4, what is -11 - -3110133222023?
3110133222012
In base 6, what is 2052011 + -11040?
2040531
In base 7, what is 1254 - -222321?
223605
In base 13, what is 15519 + -19?
15500
In base 10, what is -6 + 12555754?
12555748
In base 13, what is -a - 505b194?
-505b1a1
In base 3, what is 1020222011020211 - -1?
1020222011020212
In base 2, what is 111101100011 + -100000000110?
11101011101
In base 4, what is -11 + -202211202233?
-202211202310
In base 5, what is 1032033443102 - -10?
1032033443112
In base 15, what is 1545 + -652?
de3
In base 4, what is -2 + 31322220220?
31322220212
In base 9, what is -2 - -4585558?
4585556
In base 9, what is -5 + -3510253?
-3510258
In base 14, what is -37dd0 + 1c7?
-37c07
In base 6, what is -1333 - 455031?
-500404
In base 3, what is -11 + -11201210121201?
-11201210121212
In base 15, what is 12b055 + -3?
12b052
In base 15, what is -ac8 + 5eec?
5424
In base 14, what is 21 + 988c4a?
988c6b
In base 3, what is 20121011222 + -102121201?
20011120021
In base 6, what is -5505241 - -32?
-5505205
In base 14, what is 8b057a4 + 0?
8b057a4
In base 12, what is 28 + -17366a?
-173642
In base 6, what is -55352504 + -21?
-55352525
In base 16, what is b6 - 18d2?
-181c
In base 10, what is 410 + -12523?
-12113
In base 6, what is -443 - 14523522?
-14524405
In base 2, what is -101 - 1100000011110011100000?
-1100000011110011100101
In base 9, what is 252565 - -245?
252821
In base 11, what is 14468 - 146?
14322
In base 14, what is -3d48a9b + 1?
-3d48a9a
In base 3, what is 1 - 22222121010102?
-22222121010101
In base 4, what is 3013003 + 3331?
3023000
In base 6, what is 13301554515 - 4?
13301554511
In base 5, what is 103424 - 111341?
-2412
In base 3, what is -12 - 1121121122121201?
-1121121122121220
In base 11, what is -7737 - -40205?
33579
In base 9, what is -24144 - -1580?
-22454
In base 12, what is -5 - -2b90527?
2b90522
In base 6, what is 55350 + -34300?
21050
In base 16, what is 208 - 3221?
-3019
In base 7, what is 1 - 36224656?
-36224655
In base 5, what is -144 + -34443334?
-34444033
In base 14, what is -5bd8909 - -4?
-5bd8905
In base 7, what is 600530 - 242?
600255
In base 15, what is 3 + 1ca2b53?
1ca2b56
In base 7, what is -56 - 54263236?
-54263325
In base 2, what is 10101111101110 + 11010011000100?
110000010110010
In base 7, what is 2535442 + -1?
2535441
In base 10, what is -12992786 + -20?
-12992806
In base 4, what is -30101133132113 - 10?
-30101133132123
In base 11, what is 19a052 + -53?
199aaa
In base 2, what is 1101 + -11011011100010011?
-11011011100000110
In base 10, what is 15 + -2542952?
-2542937
In base 5, what is -11 - -23430233?
23430222
In base 8, what is -546 - -1412261?
1411513
In base 3, what is 112112102 - 102200?
112002202
In base 9, what is -1 + -21535127?
-21535128
In base 15, what is 34c21 + 57?
34c78
In base 13, what is -5 - -3b69781?
3b69779
In base 12, what is -59503 - -25a3?
-56b20
In base 16, what is 72 - -37b09?
37b7b
In base 14, what is 3 - 173b4595?
-173b4592
In base 4, what is 10303 - 1211212110?
-1211201201
In base 13, what is 4692 + a474?
11b36
In base 10, what is 4991542 - 5?
4991537
In base 13, what is -3 + 726b354?
726b351
In base 15, what is 596002 + 78?
59607a
In base 7, what is -4102023 - 11?
-4102034
In base 4, what is -1032211102322 + 2?
-1032211102320
In base 8, what is -4 - -762571?
762565
In base 13, what is -151 - -9ca68b?
9ca53a
In base 15, what is -1983 - -38a0d?
3707a
In base 16, what is -1f + -2a7ea?
-2a809
In base 6, what is 34 + 401420?
401454
In base 14, what is -2da3 - -162?
-2c41
In base 4, what is -22330 - -13102222313?
13102133323
In base 6, what is -11205 - -135?
-11030
In base 15, what is 3799 + -9ec?
2c9c
In base 10, what is -453 - -77815?
77362
In base 5, what is 24 + 32442004?
32442033
In base 14, what is 47a3d + -14?
47a29
In base 5, what is 200232210 - -13?
200232223
In base 16, what is -7c6 - -1a68?
12a2
In base 13, what is -56 - -6353c?
634b6
In base 6, what is 2401 - -203351?
210152
In base 15, what is 17d81e + 1?
17d820
In base 14, what is 24a - -2a78?
2cc4
In base 10, what is 724 + -16165?
-15441
In base 5, what is -13 + 2314101014?
2314101001
In base 3, what is 201211001 + 200212?
202111220
In base 14, what is 5d2cb - 304?
5cdc7
In base 11, what is -18205a30 - -1?
-18205a2a
In base 3, what is 201011101120 - 10000?
201011021120
In base 11, what is -200 - 4014?
-4214
In base 4, what is -1321111133 + 31?
-1321111102
In base 14, what is -43b5 + 3c0?
-3dd5
In base 5, what is -202 + 42330310?
42330103
In base 10, what is 5 + -5536159?
-5536154
In base 13, what is 2886 + -1619?
126a
In base 5, what is 4 + 4403344331?
4403344340
In base 11, what is 806a6 + -33?
80673
In base 7, what is 5222 - -463454?
502006
In base 15, what is 6e34 - -e?
6e43
In base 10, what is -1560752 - 5?
-1560757
In base 5, what is 104034134 - 213?
104033421
In base 15, what is 2ad395 + 5?
2ad39a
In base 2, what is 110010000110 + -110010110101?
-101111
In base 5, what is -13141 + 43014?
24323
In base 5, what is 14133 + 10143404?
10213042
In base 16, what is 1 + 2bc76a?
2bc76b
In base 4, what is -223200131 - -3?
-223200122
In base 13, what is 342 + -11907?
-11595
In base 6, what is 302433 + -3435?
254554
In base 7, what is 46 - -61150?
61226
In base 12, what is a42583 - -a?
a42591
In base 11, what is 208 - 2519a1?
-251794
In base 14, what is 5 - -1408ada?
1408b01
In base 12, what is 67ba7328 + 5?
67ba7331
In base 6, what is 1342 + -214034?
-212252
In base 14, what is -b38 + -dc2?
-1b1a
In base 10, what is -11025309 - -5?
-11025304
In base 4, what is 202301022203321 + 11?
202301022203332
In base 5, what is 240133411401 + 4?
240133411410
In base 15, what is 0 - 9eb79ea?
-9eb79ea
In base 4, what is -101 - 122301220?
-122301321
In base 2, what is -1010101111111100000100 - -1?
-1010101111111100000011
In base 3, what is 202020120 + -2101022?
122212021
In base 5, what is -11301312401 + 10?
-11301312341
In base 12, what is -403948 + -41?
-403989
In base 3, what is -10021020111 + 1002?
-10021012102
In base 6, what is -541 - 10321340?
-10322321
In base 15, what is -ac41 - -cb?
-ab65
In base 13, what is 604a727 + -1?
604a726
In base 9, what is 3 + 5275316?
5